= -4*w + 828. Calculate the highest common factor of 27 and w.
9
Let m(r) = -r**3 + 5*r**2 - 4*r - 2. Let c be m(3). Suppose -s - 106 = -3*f - 6, 5*s = -c*f + 165. What is the greatest common factor of f and 245?
35
Let w(j) = 61*j**2 - 3104*j + 14. Let b be w(51). What is the greatest common factor of 9699 and b?
53
Suppose 0 = 3*f - 3*p - 426, 79*p - 592 = -4*f + 75*p. Calculate the highest common factor of 6467 and f.
29
Let n = 89 + -8. Let b be (-12)/(-54) + 20640/(-54). Let l = 490 + b. Calculate the highest common divisor of n and l.
27
Suppose 1800*t - 1806*t + 3264 = 0. Calculate the greatest common divisor of t and 176.
16
Let p = 45 + -17. Suppose 5*z = 2*l - 55, -3*z + z = -l + p. Let o(f) = -24*f + 999. Let i be o(41). Calculate the greatest common divisor of i and l.
15
Let b = -35 + 38. Suppose -j + 16 = 3*v, j + 4 = 4*v - b*v. Suppose 0*m = u - 2*m - 154, 3*u + v*m - 440 = 0. What is the highest common divisor of u and 30?
30
Suppose -66*g + 1894224 - 358716 = 168*g. What is the greatest common factor of 238 and g?
34
Let q = 1641 - 1621. Suppose 4*f + w + 17 = -13, -15 = 3*f - 3*w. Let p = -3 - f. What is the greatest common divisor of q and p?
4
Suppose 139 = 3*t - 71. Let q = 522 + -247. Let g = q + -240. Calculate the highest common divisor of g and t.
35
Suppose -3*x - 4*h = -52151, -2*h - 49725 = -4*x + 19817. Calculate the greatest common factor of 95 and x.
95
Suppose -7*h - 15*h - 24156 = 0. Let w = h + 1879. Calculate the highest common divisor of w and 71.
71
Suppose -976*o = z - 979*o - 3, 3*o + 57 = -2*z. Let d(n) = 13*n - 4*n**2 + 5*n**2 - 66 - n. Let i be d(z). Calculate the highest common divisor of i and 56.
14
Suppose 3*c + l + l = -29, 5*l + 41 = -3*c. Let b be (-6 - c) + (-2)/(-2). Let i be (125/b)/(-5)*4*-1. Calculate the greatest common factor of 10 and i.
10
Suppose -24*z + z = -23014 - 4310. Calculate the greatest common factor of z and 162.
54
Let y = 7572 - 6801. What is the greatest common factor of 9 and y?
3
Let h(t) = 2*t**2 - 491*t + 3365. Let x be h(7). Calculate the highest common factor of 546 and x.
26
Let i be (44 - 74)/(1/(-12)) + 0 + 5. What is the greatest common factor of i and 5?
5
Suppose 0 = 4346*u - 4335*u - 110. Calculate the highest common divisor of 314 and u.
2
Let r = -28618 + 30685. Calculate the greatest common divisor of 663 and r.
39
Let g(d) = -3*d**3 - 10*d**2 - 9*d - 4. Let q be g(-6). Suppose 43 = 3*s + 5*u, -6*u + 62 = -129*s + 133*s. What is the greatest common divisor of q and s?
26
Let b = -842 + 1518. Calculate the highest common divisor of b and 3211.
169
Let f(r) = 32*r + 5 - 21*r - 41. Let p be f(6). What is the greatest common divisor of 165 and p?
15
Let i(t) = t + 7. Let x be i(21). Let h(k) = 46*k**2 + 5*k + 2. Let s be h(2). Calculate the highest common factor of s and x.
28
Suppose 198 = 3*r + 33. Let u = r - 46. What is the highest common divisor of u and 171?
9
Let r(d) = 104*d - 2. Let t be r(1). Suppose 0 = 2*k + 5*n + 205, k - t = 2*k + 2*n. Let j = -72 - k. What is the greatest common divisor of j and 98?
14
Let z = -3567 + 3585. Calculate the greatest common divisor of 46 and z.
2
Let d be 8/((-476)/49 + 10). Let l(s) = -60*s + 4. Let a be l(-2). Let w = a + 16. Calculate the highest common factor of d and w.
28
Suppose 0 = -1479*l + 742*l + 738*l - 948. Calculate the highest common divisor of l and 108.
12
Let l be ((-5)/((-25)/4))/(9 + 233315/(-25925)). Calculate the highest common divisor of l and 187.
17
Let n = 47 + -14. Let p be 714/(-34)*(-2 - (-16)/14). Suppose -p*k = -12*k - 198. What is the highest common divisor of n and k?
33
Let w = -4470 + 5180. What is the greatest common factor of 40 and w?
10
Let n(x) be the second derivative of 7*x**3/6 + 31*x**2/2 + 8*x + 1. Let l be n(5). What is the highest common factor of 22 and l?
22
Let u(f) = 7*f**2 + 15*f + 13. Let b(v) = 11*v**2 + 21*v + 19. Let n(t) = 5*b(t) - 7*u(t). Let l be n(-1). Calculate the highest common factor of l and 290.
10
Let v be (2 + -2 - 1)/((-2)/50). Suppose -v*u = -28*u + 12. Calculate the highest common divisor of u and 4.
4
Let r = -212 + 201. Let u be (-17 + r)/(0/2 + -1). Calculate the greatest common factor of u and 112.
28
Let q(j) = -4*j**3 - 3*j**2 + 21*j + 46. Suppose 4*z + 13 = -5*t, -20*z - t + 9 = -25*z. Let f be q(z). What is the highest common factor of f and 304?
8
Suppose -12*f - 1298 - 190 = 0. Let o = 176 + f. What is the greatest common factor of 16 and o?
4
Suppose 12*o - 1696 - 7304 = 0. Let r = 43 + o. What is the greatest common divisor of r and 61?
61
Let m be 117/(-12)*16/(-12) - 5. Suppose -5*v = -4*g + 41 + m, -3*v - 45 = -5*g. Calculate the greatest common divisor of g and 132.
6
Let p = 319 + -219. Suppose 29*q - 57 = 32*q. Let z be (20 + q)/(2/40). What is the highest common divisor of z and p?
20
Let b = 14243 - 14185. What is the greatest common divisor of 7279 and b?
29
Let u(r) = -r**2 + 5*r + 27. Let h be u(-19). Let v = -234 - h. Let t be ((-45)/(-6))/(1/2). Calculate the highest common factor of v and t.
15
Let w be (29/(-174)*-54)/((-1)/(-327)). Calculate the highest common divisor of w and 27.
27
Suppose 41*r - 161 = 44. What is the greatest common divisor of 25 and r?
5
Suppose -3*t - 4*g = -244, t - 27*g + 25*g - 98 = 0. Let l = 12 + -4. Calculate the highest common divisor of l and t.
8
Let j = -392 - -531. Suppose -j*s = -136*s - 90. Suppose 481 - 181 = k. Calculate the highest common divisor of s and k.
30
Let z be -7*(6 + 15 + -22). What is the greatest common divisor of z and 22?
1
Let d(t) = -t**2 - 9*t - 2. Let k = 10 - 16. Let j be d(k). Suppose -32*y + 6997 - 1365 = 0. Calculate the greatest common factor of y and j.
16
Let r be (-25)/15 - 6/(-9). Let f be (0 + r)*32/(-8). Suppose 55 = o + f. What is the greatest common divisor of o and 34?
17
Let m(l) = -5*l**2 + 113*l + 176. Let v be m(16). Calculate the greatest common factor of v and 832.
64
Let a be -29*(6/(-2) + 2). Let i be 1/1*(a - -1). Let j = -137003 + 137023. Calculate the highest common factor of i and j.
10
Suppose 73*x - 11 = 72*x. Calculate the highest common factor of 3113 and x.
11
Suppose 17*n + 3078 = -n. Let s = n - -483. What is the greatest common divisor of 39 and s?
39
Suppose 0 = -5*f + 8540 + 30210. What is the highest common factor of f and 10?
10
Suppose 190975 = 123*f + 26770. Calculate the greatest common divisor of f and 150.
15
Let i(y) = 232*y + 3727. Let o be i(-12). Calculate the highest common divisor of o and 1353.
41
Let f = -5 - -8. Suppose 5*z - r = 82 - 6, 0 = -f*z + 4*r + 49. Let m = z - 4. What is the highest common divisor of m and 22?
11
Let p be (-150 + 0 + 1/2)*-2. Let f = p - 278. Calculate the highest common factor of f and 7.
7
Suppose 2*q - 8 = -3*q + 577. What is the greatest common divisor of q and 169?
13
Let c(s) = s + s - 5*s + s + 10. Let t be c(5). Suppose b - 11 = -q, -4*q + t*q + 12 = 0. Calculate the greatest common factor of b and 8.
8
Let i = 172 - 149. Suppose -2*l = 1 - 7. Suppose -46 = u - l*u. Calculate the greatest common divisor of u and i.
23
Let t(x) = x**2 + 36*x + 52. Let h be t(-26). Let i = h + 222. Calculate the highest common factor of i and 14.
14
Suppose -8*o - 35 + 147 = 0. Let j = -26 - 90. Let i = j + 130. Calculate the greatest common factor of o and i.
14
Let a = 14 + -5. Let n = 132 + 39. What is the highest common factor of a and n?
9
Suppose 4134 = 13*m - 4964 - 9011. Calculate the greatest common factor of 1592 and m.
199
Let l = 4254 - 4038. Calculate the greatest common divisor of 852 and l.
12
Let q(i) = -5*i**3 - 12*i**2 + i - 3. Let c be q(-3). Suppose 0*m + 4*v + 940 = 4*m, -3*v - 12 = 0. What is the greatest common factor of m and c?
21
Let v = -732 - -582. Let i = 165 + v. Calculate the highest common factor of 285 and i.
15
Suppose 9 + 23 = 2*x. Let p = 11 - -11. Suppose 210 = -x*h + p*h. Calculate the highest common factor of h and 14.
7
Let d = 5568 - 5193. What is the greatest common divisor of d and 135?
15
Suppose 4*s - 272 + 8 = 0. Let a = 137 - 185. Let f = s + a. Calculate the highest common divisor of 162 and f.
18
Suppose -m - 183 = -5*n, 117 = 3*n + 5*m - 8*m. Let b(d) = d**3 + 8*d**2 - 7*d - 2. Let w be b(-7). What is the greatest common factor of w and n?
12
